 - 6556868. Is i prime?
False
Let d(q) be the third derivative of -q**6/120 + 7*q**5/60 + 11*q**4/12 - q**3/2 + 10*q**2. Let z be d(9). Is (-932)/10*(z/(-6) + 3) composite?
False
Let x = 11945 + -1894. Suppose -14343 - x = -2*k. Is k prime?
True
Is (-1224)/(-765) - (-930834)/10 composite?
True
Let l(y) = -5*y**3 + 18*y**2 - 92*y + 142. Is l(-73) a composite number?
True
Let g(s) = 29*s**2 + 85*s - 38. Is g(-40) composite?
True
Suppose 0 = 2*c - 3*f - 6035, -9005 = -35*c + 32*c - 5*f. Let j = c + -253. Is j prime?
False
Suppose -5*f = 3*y - 4052 - 1124, 3*y - f - 5200 = 0. Suppose g = 4, 0*w + g = -4*w - y. Let p = w - -687. Is p a composite number?
True
Is -6*(-5)/120 - (-6679458)/24 composite?
True
Let d = 175597 - -1285914. Is d composite?
False
Let v = 914 - -57. Suppose 5*b = -0*b + 3*l + 381, 0 = -3*l + 9. Let w = v - b. Is w a composite number?
True
Let z(j) be the third derivative of -j**6/60 - 2*j**5/15 + 5*j**4/8 + 5*j**3 - 8*j**2. Is z(-11) a prime number?
True
Let t be ((-10968)/16)/(15/(-1000)). Suppose -50061 = -17*l + t. Is l a composite number?
True
Let a(q) = -10*q - 4*q**2 - 7*q**3 - 3*q + 8*q**3 + 35 - 5*q**2. Let r be a(10). Suppose r*x + 1424 = 2*w - 0*x, 4*x = -5*w + 3527. Is w a prime number?
False
Let d(l) = -l**3 - 6*l**2 - 3*l + 6. Let i be d(-6). Let n = i + -19. Suppose -n*g + 4*a + 13472 = -g, -5*a - 3356 = -g. Is g prime?
True
Suppose 4*m = 4*h - 270620, -3*h + 85079 + 117900 = 4*m. Is h a prime number?
False
Let f be -8 - 381*(-396)/4. Suppose 4*i + 4*o - 30172 = 0, o - 4*o + f = 5*i. Is i prime?
True
Suppose 28869 = 6*j - 200769. Is j prime?
True
Let d be 8778/8 + (-27)/(-36). Let c = 1937 - d. Is c prime?
True
Suppose 28 + 14 = 3*l. Suppose l*n - 8*n + 6 = 0. Is n*(-1477 - (2 + 2)) a prime number?
True
Let o(c) = -3*c**3 - 2*c**2 + 12*c - 5. Let k be 171/(-76)*((-22)/(-6) + -1). Is o(k) prime?
True
Let t be ((-1)/2*7)/(3/(-4302)). Suppose 13*u = t + 24062. Is u composite?
False
Let v(q) = 140979*q**3 - 3*q**2 - 10*q + 11. Is v(1) a composite number?
False
Let d(j) = j**3 - 14*j**2 - 9*j - 24. Let y be d(15). Suppose -y*t = -71*t + 185. Is t prime?
True
Let i = -155 - -177. Suppose i*g - 9795 = 19*g. Is g composite?
True
Suppose -224 = a + a. Let h be ((-7)/(a/20))/((-2)/(-16)). Let f = h + 11. Is f a prime number?
False
Suppose 0*h + 6 = -3*h, 3*x - 19 = 5*h. Let l be 1/x*30/(-5). Is 3/(2 - ((-9)/4566 - l)) a prime number?
False
Let w = -80 + 80. Suppose 3259 = -w*v - v + 5*c, 4*c - 8 = 0. Is (-4 - v/(-3))*-1 a composite number?
False
Is 13749*((-798)/108)/(-7) + 6/36 a composite number?
True
Suppose 2*f = u + 1 + 4, -5*f = -3*u - 14. Let d(s) = 8604*s**3 + s**2 - 3*s + 3. Is d(f) a composite number?
True
Let p = 142 + -351. Let w = -186 - p. Is w prime?
True
Let p(o) = 164*o**2 + 5*o - 14. Let d be p(-5). Let w = 464 + d. Suppose w = 7*a + 780. Is a composite?
True
Let t be (-20 + 2)/(6/6). Let k be 16484/3 - 3*2/t. Suppose 22*l - k = 17*l. Is l composite?
True
Suppose 512644 = 25*a - 2067181. Is a a prime number?
False
Let l(q) = -191*q - 97. Let o be l(-20). Let w = 9570 - o. Is w a prime number?
False
Let i(m) = -28*m + 117. Let j be i(8). Let r = j - -1930. Is r a prime number?
True
Let s be (1/(-1) + 7)*(-4)/(-6). Suppose -3*l + s*x + x = -475, 0 = 4*l - 4*x - 628. Is l composite?
True
Let s(x) = 183*x - 26. Suppose -40 = -4*m - 0*m. Let n be s(m). Suppose -34 - n = -2*d. Is d a prime number?
True
Let o(k) = 171*k**2 - 11*k - 27. Let t be o(-2). Suppose 3439 = 5*r - 4*h, 14*h - t = -r + 17*h. Is r prime?
True
Suppose 5*y - 49*y = -8986780. Is y a prime number?
False
Suppose -747*v = -742*v + 4*u - 5642461, -3*v - 5*u + 3385461 = 0. Is v composite?
False
Let l(w) = 14*w + 3 - w - 25*w**2 + 30*w**2 + 74*w**2. Let v be l(-6). Suppose -8*c + 11*c = v. Is c composite?
True
Is 4 - ((-266)/(-42))/(4/(-62316)) composite?
True
Let b(f) = 10377*f**3 - f**2 + 7*f - 5. Let c be b(1). Let v = c - 2765. Is v composite?
True
Let a(v) = v**2 + v. Let o(m) = -5*m**2 + m - 5. Let h(p) = 4*a(p) + o(p). Let u be h(3). Is u + -1 + (2 - (-1260 - -3)) a composite number?
False
Let b(j) = 2053*j**2 - 7*j + 15. Suppose g = 4*s - 73 + 68, 3*s - 3*g + 3 = 0. Is b(s) composite?
True
Let z(l) = l**3 + 24*l**2 - 11*l - 43. Suppose o - 120 = -12. Suppose -24 + o = -4*v. Is z(v) a composite number?
False
Suppose 19*c + 66 = 18*c. Let w be ((-6)/4)/(9/c). Suppose -6*p - 3365 = -w*p. Is p a composite number?
False
Let u be (180/(-21))/((-2)/(-28)). Let c = u - -124. Suppose 4*j - 5888 = 4*m, j = -2*m + c*m + 1467. Is j prime?
False
Suppose 4*t - 18 = -0*k + k, -t = 4*k + 4. Suppose 5*l - 44 = -2*c, -18 = -3*l - 0*c - t*c. Is (-3 + 2225/l)/((-2)/(-4)) a composite number?
False
Let n be 2/(-1)*-2*(-1)/(-2). Suppose 0 = -o + n*x + 68 + 12, 4*o - x - 334 = 0. Is (-1 - 0) + o + 6 a composite number?
False
Let g(x) = 2598*x**2 - x - 1. Let u = 30 + -31. Let q be g(u). Let l = q - 1339. Is l prime?
True
Let y(u) = -11*u - 74. Let t be y(-7). Suppose 0 = -2*s + t*s + v - 2098, 3*s = -2*v + 6295. Is s prime?
True
Let w(m) = m**3 - 5*m**2 + 2*m - 8. Let o be w(5). Suppose o*k = -81 + 335. Is k prime?
True
Suppose 0 = 3*u + 15, 4*s + 1058 - 24670 = -4*u. Suppose 3*n - 8882 = -0*n + c, -2*c + s = 2*n. Is n a composite number?
True
Let u be (-7 - -6)*3*3844. Let r be -3*1/21 + 87/21. Is 0 - u/8 - r/8 composite?
True
Let p(r) = r**2 + 17*r + 130. Let z be p(-26). Suppose -344 = -3*h + 5*x, 3*h - 2*x = -x + z. Is h a composite number?
True
Let j = -56 + -7. Let z = -63 - j. Suppose z = -5*a + 3*q + 2491, 0 = -3*a - 0*q - 2*q + 1487. Is a a prime number?
False
Let z(b) = -17159*b + 1040. Is z(-51) composite?
False
Suppose -6513523 = -82*n + 7139887. Is n a composite number?
True
Suppose 6*h - 4999 = 5*j + 2*h, -1004 = j - 5*h. Let z = j - -1924. Let o = -638 + z. Is o a prime number?
False
Let h(o) = 1863*o**2 + 19*o + 9. Is h(-4) a composite number?
False
Suppose 0 = -549*x + 546*x - 6. Is x*((-27)/6*73 + 2) composite?
False
Suppose 0 = 335*h - 350*h + 143805. Is h a composite number?
False
Let q = 69239 - 45486. Is q prime?
True
Let m = 1293 + -895. Suppose -5*u = 3*o - 995, 2*o = -2*u - 0*u + m. Is u prime?
True
Let u = -11926 - -16473. Is u composite?
False
Suppose -36 = -12*q + 24. Is -12655*1/(q - 10) composite?
False
Let q(d) = 130*d**2 + 9*d - 3. Let n(r) = r**3 - 4*r**2 - 8*r + 10. Let j be n(5). Let k be q(j). Suppose 10106 = 4*l - k. Is l prime?
False
Let t(i) = 3*i - 166 - 159 + 323 + i**2. Let u be t(6). Let d = u + -30. Is d prime?
False
Suppose -27*t = -30*t + 6. Suppose 0 = -n - 5*i + 40, -23 = -n - t*i + 8. Is (-2)/(-10) - (-10370)/n prime?
False
Suppose -33850862 = -226*a + 53*a + 42862701. Is a a prime number?
True
Let x be ((-4)/((-24)/(-297)) + 1)*-2. Let n = x - 94. Suppose 2*g = 4*k + 5870, -4*k - 8807 = -n*g + k. Is g a prime number?
True
Let l(t) = 24*t**3 + 4*t**2 - 30*t + 107. Is l(9) a prime number?
True
Let g be ((-4)/(-10))/(23/(-230)) + 66548. Let q = g - 28887. Is q prime?
True
Let z be (280/(-105))/(2/(-87)). Is ((-87)/z)/((-6)/84472) prime?
True
Suppose 0 = -2*i + 5*x + 26, -4 = -i - 2*x - 0*x. Suppose 3 = 3*c, -207*o + 2*c + 18 = -212*o. Is 2*o/32 + 20586/i prime?
False
Suppose 15*q + 15 = -15. Is 6733 + (q - (-12)/6) prime?
True
Let s be 5/25 - (-98028)/35. Let b = s + -82. Is b composite?
False
Let v = -360864 + 605638. Is v composite?
True
Suppose -3*s + 3 = b - 7, 3*s + 4*b + 5 = 0. Suppose 0 = -4*k - z + 6*z + 26456, 33091 = s*k - z. Is k composite?
False
Let l(r) be the third derivative of r**6/120 - 13*r**5/60 - r**4/8 + r**3/6 - 4*r**2. Is l(20) a composite number?
False
Let x = -157615 + 259097. Is x a prime number?
False
Let n be (-6)/(2 + (0 - 4)). Suppose -n*p + 16 = p. Suppose 0 = 3*i - 0*i - p*d - 6317, -i = 5*d - 2074. Is i a prime number?
True
Let b(p) = 3*p**2 - 11*p - 7. Let m(r) = 8*r**2 - 32*r - 21. Let w(v) = -11*b(v) + 4*m(v). Let l be w(-6). Is (l/(-3) + (-204)/(-9))*5 a prime number?
False
Let g = 506499 + 25742. Is g a composite number?
False
Let k be 18/(((-48)/(-24141))/(-8)). Is -2*2/(-14) + k/(-21) a prime number?
True
Let k = -139228 + 210371. Is k a composite number?
False
Let f(r) = 2*r**2 + 13*r - 21. Let n be f(-11). Is 134250/n + (-2)/13 composite?
False
Let b(d) = 2*d**2 - 3*d + 6